{"id":24947,"date":"2023-02-17T14:30:51","date_gmt":"2023-02-17T17:30:51","guid":{"rendered":"https:\/\/fiorellalarosa.com\/?page_id=24947"},"modified":"2024-08-22T11:10:23","modified_gmt":"2024-08-22T14:10:23","slug":"sobre-mi-2","status":"publish","type":"page","link":"https:\/\/fiorellalarosa.com\/?page_id=24947","title":{"rendered":"Sobre mi"},"content":{"rendered":"\n<div class=\"wp-block-columns is-layout-flex wp-container-core-columns-is-layout-28f84493 wp-block-columns-is-layout-flex\">\n<div class=\"wp-block-column is-layout-flow wp-block-column-is-layout-flow\" style=\"flex-basis:25%\">\n<div class=\"wp-block-columns is-layout-flex wp-container-core-columns-is-layout-28f84493 wp-block-columns-is-layout-flex\">\n<div class=\"wp-block-column is-layout-flow wp-block-column-is-layout-flow\"><\/div>\n\n\n\n<div class=\"wp-block-column is-layout-flow wp-block-column-is-layout-flow\"><\/div>\n\n\n\n<div class=\"wp-block-column is-layout-flow wp-block-column-is-layout-flow\"><\/div>\n<\/div>\n<\/div>\n\n\n\n<div class=\"wp-block-column is-layout-flow wp-block-column-is-layout-flow\">\n<div class=\"wp-block-columns is-layout-flex wp-container-core-columns-is-layout-28f84493 wp-block-columns-is-layout-flex\">\n<div class=\"wp-block-column is-layout-flow wp-block-column-is-layout-flow\" style=\"flex-basis:25%\">\n<figure class=\"wp-block-image size-large\"><img loading=\"lazy\" decoding=\"async\" width=\"686\" height=\"1024\" src=\"https:\/\/fiorellalarosa.com\/wp-content\/uploads\/2023\/02\/IMG_0216-686x1024.jpg\" alt=\"\" class=\"wp-image-24979\" srcset=\"https:\/\/fiorellalarosa.com\/wp-content\/uploads\/2023\/02\/IMG_0216-686x1024.jpg 686w, https:\/\/fiorellalarosa.com\/wp-content\/uploads\/2023\/02\/IMG_0216-201x300.jpg 201w, https:\/\/fiorellalarosa.com\/wp-content\/uploads\/2023\/02\/IMG_0216.jpg 747w\" sizes=\"auto, (max-width: 686px) 100vw, 686px\" \/><\/figure>\n<\/div>\n\n\n\n<div class=\"wp-block-column is-layout-flow wp-block-column-is-layout-flow\">\n<p class=\"has-ast-global-color-6-color has-text-color has-medium-font-size\">Venezolana y Argentina, viviendo en Buenos Aires.<\/p>\n\n\n\n<p class=\"has-ast-global-color-6-color has-text-color has-medium-font-size\">Bioqu\u00edmica de Profesi\u00f3n pero viajera de coraz\u00f3n.<\/p>\n\n\n\n<p class=\"has-ast-global-color-6-color has-text-color has-medium-font-size\">Desde el 2017 empec\u00e9 a crear contenido en RRSS y fue en 2019 que dej\u00e9 mi trabajo en relaci\u00f3n de dependencia para dedicarme full time a las redes.<\/p>\n\n\n\n<p class=\"has-ast-global-color-6-color has-text-color has-medium-font-size\">Actualmente soy Travel Vlogger, creo contenido digital enfocado en viajes, gastronom\u00eda y experiencias tur\u00edsticas. Con una presencia activa en varias plataformas de redes sociales, como Instagram, TikTok y YouTube, donde comparto mis aventuras y recomendaciones de lugares para visitar y actividades para realizar\u200b (<a href=\"https:\/\/www.tiktok.com\/@fiorellalarosa_#:~:text=URL%3A%20https%3A%2F%2Fwww.tiktok.com%2F%40fiorellalarosa_%0AVisible%3A%200%25%20\" target=\"_blank\" rel=\"noreferrer noopener\">TikTok<\/a>)\u200b (<a href=\"https:\/\/www.youtube.com\/@fiorellalarosa_\" target=\"_blank\" rel=\"noreferrer noopener\">YouTube<\/a>).<\/p>\n\n\n\n<p class=\"has-ast-global-color-6-color has-text-color has-medium-font-size\">En mi blog, publico art\u00edculos detallados sobre mis viajes, con consejos y gu\u00edas \u00fatiles para mi comunidad. Por ejemplo, en una de mis entradas recientes, describo mi experiencia viajando sola a Mar del Plata, Argentina, y proporciono informaci\u00f3n sobre transporte, hospedaje y actividades locales\u200b (<a href=\"https:\/\/fiorellalarosa.com\/?p=25805\" target=\"_blank\" rel=\"noreferrer noopener\">Fiorella La Rosa<\/a>).<\/p>\n\n\n\n<p class=\"has-ast-global-color-6-color has-text-color has-medium-font-size\">Tambi\u00e9n produzco videos en YouTube bajo el canal &#8220;Fiorella La Rosa Vlogs&#8221;, donde documento mis viajes y exploro la gastronom\u00eda local de diferentes destinos\u200b (<a href=\"https:\/\/www.youtube.com\/@fiorellalarosa_\" target=\"_blank\" rel=\"noreferrer noopener\">YouTube<\/a>). Mi contenido es valorado por aquellos que buscan inspiraci\u00f3n para sus propias aventuras y desean descubrir nuevos lugares a trav\u00e9s de una perspectiva personal y aut\u00e9ntica. <\/p>\n<\/div>\n\n\n\n<div class=\"wp-block-column is-layout-flow wp-block-column-is-layout-flow\" style=\"flex-basis:20%\"><\/div>\n<\/div>\n<\/div>\n\n\n\n<div class=\"wp-block-column is-layout-flow wp-block-column-is-layout-flow\" style=\"flex-basis:10%\">\n<div class=\"wp-block-columns is-layout-flex wp-container-core-columns-is-layout-28f84493 wp-block-columns-is-layout-flex\">\n<div class=\"wp-block-column is-layout-flow wp-block-column-is-layout-flow\"><\/div>\n\n\n\n<div class=\"wp-block-column is-layout-flow wp-block-column-is-layout-flow\"><\/div>\n\n\n\n<div class=\"wp-block-column is-layout-flow wp-block-column-is-layout-flow\"><\/div>\n<\/div>\n<\/div>\n<\/div>\n","protected":false},"excerpt":{"rendered":"<p>Venezolana y Argentina, viviendo en Buenos Aires. Bioqu\u00edmica de Profesi\u00f3n pero viajera de coraz\u00f3n. Desde el 2017 empec\u00e9 a crear contenido en RRSS y fue en 2019 que dej\u00e9 mi trabajo en relaci\u00f3n de dependencia para dedicarme full time a las redes. Actualmente soy Travel Vlogger, creo contenido digital enfocado en viajes, gastronom\u00eda y experiencias [&hellip;]<\/p>\n","protected":false},"author":1,"featured_media":0,"parent":0,"menu_order":0,"comment_status":"closed","ping_status":"closed","template":"","meta":{"_uag_custom_page_level_css":"","site-sidebar-layout":"no-sidebar","site-content-layout":"page-builder","ast-site-content-layout":"full-width-container","site-content-style":"unboxed","site-sidebar-style":"unboxed","ast-global-header-display":"","ast-banner-title-visibility":"","ast-main-header-display":"","ast-hfb-above-header-display":"","ast-hfb-below-header-display":"","ast-hfb-mobile-header-display":"","site-post-title":"disabled","ast-breadcrumbs-content":"","ast-featured-img":"disabled","footer-sml-layout":"","ast-disable-related-posts":"","theme-transparent-header-meta":"","adv-header-id-meta":"","stick-header-meta":"","header-above-stick-meta":"","header-main-stick-meta":"","header-below-stick-meta":"","astra-migrate-meta-layouts":"set","ast-page-background-enabled":"default","ast-page-background-meta":{"desktop":{"background-color":"","background-image":"","background-repeat":"repeat","background-position":"center center","background-size":"auto","background-attachment":"scroll","background-type":"","background-media":"","overlay-type":"","overlay-color":"","overlay-opacity":"","overlay-gradient":""},"tablet":{"background-color":"","background-image":"","background-repeat":"repeat","background-position":"center center","background-size":"auto","background-attachment":"scroll","background-type":"","background-media":"","overlay-type":"","overlay-color":"","overlay-opacity":"","overlay-gradient":""},"mobile":{"background-color":"","background-image":"","background-repeat":"repeat","background-position":"center center","background-size":"auto","background-attachment":"scroll","background-type":"","background-media":"","overlay-type":"","overlay-color":"","overlay-opacity":"","overlay-gradient":""}},"ast-content-background-meta":{"desktop":{"background-color":"var(--ast-global-color-5)","background-image":"","background-repeat":"repeat","background-position":"center center","background-size":"auto","background-attachment":"scroll","background-type":"","background-media":"","overlay-type":"","overlay-color":"","overlay-opacity":"","overlay-gradient":""},"tablet":{"background-color":"var(--ast-global-color-5)","background-image":"","background-repeat":"repeat","background-position":"center center","background-size":"auto","background-attachment":"scroll","background-type":"","background-media":"","overlay-type":"","overlay-color":"","overlay-opacity":"","overlay-gradient":""},"mobile":{"background-color":"var(--ast-global-color-5)","background-image":"","background-repeat":"repeat","background-position":"center center","background-size":"auto","background-attachment":"scroll","background-type":"","background-media":"","overlay-type":"","overlay-color":"","overlay-opacity":"","overlay-gradient":""}},"footnotes":""},"class_list":["post-24947","page","type-page","status-publish","hentry"],"uagb_featured_image_src":{"full":false,"thumbnail":false,"medium":false,"medium_large":false,"large":false,"1536x1536":false,"2048x2048":false,"mailpoet_newsletter_max":false,"woocommerce_thumbnail":false,"woocommerce_single":false,"woocommerce_gallery_thumbnail":false},"uagb_author_info":{"display_name":"Fiorella La Rosa","author_link":"https:\/\/fiorellalarosa.com\/?author=1"},"uagb_comment_info":0,"uagb_excerpt":"Venezolana y Argentina, viviendo en Buenos Aires. Bioqu\u00edmica de Profesi\u00f3n pero viajera de coraz\u00f3n. Desde el 2017 empec\u00e9 a crear contenido en RRSS y fue en 2019 que dej\u00e9 mi trabajo en relaci\u00f3n de dependencia para dedicarme full time a las redes. Actualmente soy Travel Vlogger, creo contenido digital enfocado en viajes, gastronom\u00eda y experiencias&hellip;","jetpack_sharing_enabled":true,"rttpg_featured_image_url":null,"rttpg_author":{"display_name":"Fiorella La Rosa","author_link":"https:\/\/fiorellalarosa.com\/?author=1"},"rttpg_comment":0,"rttpg_category":null,"rttpg_excerpt":"Venezolana y Argentina, viviendo en Buenos Aires. Bioqu\u00edmica de Profesi\u00f3n pero viajera de coraz\u00f3n. Desde el 2017 empec\u00e9 a crear contenido en RRSS y fue en 2019 que dej\u00e9 mi trabajo en relaci\u00f3n de dependencia para dedicarme full time a las redes. Actualmente soy Travel Vlogger, creo contenido digital enfocado en viajes, gastronom\u00eda y experiencias&hellip;","_links":{"self":[{"href":"https:\/\/fiorellalarosa.com\/index.php?rest_route=\/wp\/v2\/pages\/24947","targetHints":{"allow":["GET"]}}],"collection":[{"href":"https:\/\/fiorellalarosa.com\/index.php?rest_route=\/wp\/v2\/pages"}],"about":[{"href":"https:\/\/fiorellalarosa.com\/index.php?rest_route=\/wp\/v2\/types\/page"}],"author":[{"embeddable":true,"href":"https:\/\/fiorellalarosa.com\/index.php?rest_route=\/wp\/v2\/users\/1"}],"replies":[{"embeddable":true,"href":"https:\/\/fiorellalarosa.com\/index.php?rest_route=%2Fwp%2Fv2%2Fcomments&post=24947"}],"version-history":[{"count":32,"href":"https:\/\/fiorellalarosa.com\/index.php?rest_route=\/wp\/v2\/pages\/24947\/revisions"}],"predecessor-version":[{"id":26302,"href":"https:\/\/fiorellalarosa.com\/index.php?rest_route=\/wp\/v2\/pages\/24947\/revisions\/26302"}],"wp:attachment":[{"href":"https:\/\/fiorellalarosa.com\/index.php?rest_route=%2Fwp%2Fv2%2Fmedia&parent=24947"}],"curies":[{"name":"wp","href":"https:\/\/api.w.org\/{rel}","templated":true}]}}