{"id":26059,"date":"2024-02-12T22:04:58","date_gmt":"2024-02-13T01:04:58","guid":{"rendered":"https:\/\/fiorellalarosa.com\/?post_type=product&#038;p=26059"},"modified":"2025-07-24T18:35:09","modified_gmt":"2025-07-24T21:35:09","slug":"excel-planificador-de-viajes","status":"publish","type":"product","link":"https:\/\/fiorellalarosa.com\/?product=excel-planificador-de-viajes","title":{"rendered":"Excel Planificador de Viajes"},"content":{"rendered":"<p>Planificador de viajes<\/p>\n<p>Planifica todos tus viajes con esta herramienta, ideal para todos los viajeros que les interesa simplificar y facilitar el trabajo de organizar todas sus aventuras.<\/p>\n<p>Ya sea que viajes solo o acompa\u00f1ado, te ahorrar\u00e1 tiempo al momento de planificar todos tus viajes y te acompa\u00f1ar\u00e1 en todo el proceso: antes, durante y despu\u00e9s de realizado cada viaje.<\/p>\n<p>Con esta plantilla podr\u00e1s hacer comparaci\u00f3n de precios para seleccionar los alojamientos, vuelos y traslados que m\u00e1s te convengan, un presupuesto estimado para saber cu\u00e1nto dinero necesitas para llevar a cabo cada viaje, seguimiento de gastos para saber si al final del viaje te ahorraste dinero o gastaste de m\u00e1s, resumen de todo el viaje con gr\u00e1ficos para evaluar el resultado del viaje, itinerario diario para tener todo planificado con lujo de detalles y las actividades principales de los 10 destinos m\u00e1s pedidos por nuestros usuarios con las atracciones m\u00e1s top y los imperdibles para que no te pierdas ninguno.<\/p>\n<p>De esta manera ser\u00e1 un paseo planificar tu pr\u00f3ximo viaje, todo el proceso simplificado y organizado de manera tal que te ahorres mucho tiempo y disfrutes mejor tus vacaciones.<\/p>\n","protected":false},"excerpt":{"rendered":"<p>\u2705Plantilla disponible para Excel.<br \/>\n\u2705Ideal para viajeros que les guste planificar sus propias aventuras.<br \/>\n\u2705Un solo pago y te va a servir para toda la vida.<br \/>\n\u2705Elaborado desde mi experiencia con todo lo necesario para planificar y organizar cualquier viaje.<br \/>\n\u2705Incluye: Instrucciones de uso, calendario vitalicio, comparador de precios, presupuesto estimado, seguimiento de gastos, resumen del viaje con gr\u00e1ficos, itinerario diario y actividades principales.<\/p>\n","protected":false},"featured_media":26139,"template":"","meta":{"_uag_custom_page_level_css":"","site-sidebar-layout":"default","site-content-layout":"","ast-site-content-layout":"default","site-content-style":"default","site-sidebar-style":"default","ast-global-header-display":"","ast-banner-title-visibility":"","ast-main-header-display":"","ast-hfb-above-header-display":"","ast-hfb-below-header-display":"","ast-hfb-mobile-header-display":"","site-post-title":"","ast-breadcrumbs-content":"","ast-featured-img":"","footer-sml-layout":"","ast-disable-related-posts":"","theme-transparent-header-meta":"default","adv-header-id-meta":"","stick-header-meta":"","header-above-stick-meta":"","header-main-stick-meta":"","header-below-stick-meta":"","astra-migrate-meta-layouts":"set","ast-page-background-enabled":"default","ast-page-background-meta":{"desktop":{"background-color":"","background-image":"","background-repeat":"repeat","background-position":"center center","background-size":"auto","background-attachment":"scroll","background-type":"","background-media":"","overlay-type":"","overlay-color":"","overlay-opacity":"","overlay-gradient":""},"tablet":{"background-color":"","background-image":"","background-repeat":"repeat","background-position":"center center","background-size":"auto","background-attachment":"scroll","background-type":"","background-media":"","overlay-type":"","overlay-color":"","overlay-opacity":"","overlay-gradient":""},"mobile":{"background-color":"","background-image":"","background-repeat":"repeat","background-position":"center center","background-size":"auto","background-attachment":"scroll","background-type":"","background-media":"","overlay-type":"","overlay-color":"","overlay-opacity":"","overlay-gradient":""}},"ast-content-background-meta":{"desktop":{"background-color":"var(--ast-global-color-5)","background-image":"","background-repeat":"repeat","background-position":"center center","background-size":"auto","background-attachment":"scroll","background-type":"","background-media":"","overlay-type":"","overlay-color":"","overlay-opacity":"","overlay-gradient":""},"tablet":{"background-color":"var(--ast-global-color-5)","background-image":"","background-repeat":"repeat","background-position":"center center","background-size":"auto","background-attachment":"scroll","background-type":"","background-media":"","overlay-type":"","overlay-color":"","overlay-opacity":"","overlay-gradient":""},"mobile":{"background-color":"var(--ast-global-color-5)","background-image":"","background-repeat":"repeat","background-position":"center center","background-size":"auto","background-attachment":"scroll","background-type":"","background-media":"","overlay-type":"","overlay-color":"","overlay-opacity":"","overlay-gradient":""}}},"product_brand":[],"product_cat":[48],"product_tag":[],"class_list":{"0":"post-26059","1":"product","2":"type-product","3":"status-publish","4":"has-post-thumbnail","6":"product_cat-productos-digitales","7":"desktop-align-left","8":"tablet-align-left","9":"mobile-align-left","11":"first","12":"instock","13":"sale","14":"downloadable","15":"virtual","16":"taxable","17":"purchasable","18":"product-type-simple"},"uagb_featured_image_src":{"full":["https:\/\/fiorellalarosa.com\/wp-content\/uploads\/2024\/02\/original-897047D6-F480-4E39-AEF3-835AAA05B3D5.jpeg",1080,1080,false],"thumbnail":["https:\/\/fiorellalarosa.com\/wp-content\/uploads\/2024\/02\/original-897047D6-F480-4E39-AEF3-835AAA05B3D5-150x150.jpeg",150,150,true],"medium":["https:\/\/fiorellalarosa.com\/wp-content\/uploads\/2024\/02\/original-897047D6-F480-4E39-AEF3-835AAA05B3D5-300x300.jpeg",300,300,true],"medium_large":["https:\/\/fiorellalarosa.com\/wp-content\/uploads\/2024\/02\/original-897047D6-F480-4E39-AEF3-835AAA05B3D5-768x768.jpeg",768,768,true],"large":["https:\/\/fiorellalarosa.com\/wp-content\/uploads\/2024\/02\/original-897047D6-F480-4E39-AEF3-835AAA05B3D5-1024x1024.jpeg",1024,1024,true],"1536x1536":["https:\/\/fiorellalarosa.com\/wp-content\/uploads\/2024\/02\/original-897047D6-F480-4E39-AEF3-835AAA05B3D5.jpeg",1080,1080,false],"2048x2048":["https:\/\/fiorellalarosa.com\/wp-content\/uploads\/2024\/02\/original-897047D6-F480-4E39-AEF3-835AAA05B3D5.jpeg",1080,1080,false],"mailpoet_newsletter_max":["https:\/\/fiorellalarosa.com\/wp-content\/uploads\/2024\/02\/original-897047D6-F480-4E39-AEF3-835AAA05B3D5.jpeg",1080,1080,false],"woocommerce_thumbnail":["https:\/\/fiorellalarosa.com\/wp-content\/uploads\/2024\/02\/original-897047D6-F480-4E39-AEF3-835AAA05B3D5-300x300.jpeg",300,300,true],"woocommerce_single":["https:\/\/fiorellalarosa.com\/wp-content\/uploads\/2024\/02\/original-897047D6-F480-4E39-AEF3-835AAA05B3D5-600x600.jpeg",600,600,true],"woocommerce_gallery_thumbnail":["https:\/\/fiorellalarosa.com\/wp-content\/uploads\/2024\/02\/original-897047D6-F480-4E39-AEF3-835AAA05B3D5-100x100.jpeg",100,100,true]},"uagb_author_info":{"display_name":"Fiorella La Rosa","author_link":"https:\/\/fiorellalarosa.com\/?author=0"},"uagb_comment_info":0,"uagb_excerpt":"\u2705Plantilla disponible para Excel. \u2705Ideal para viajeros que les guste planificar sus propias aventuras. \u2705Un solo pago y te va a servir para toda la vida. \u2705Elaborado desde mi experiencia con todo lo necesario para planificar y organizar cualquier viaje. \u2705Incluye: Instrucciones de uso, calendario vitalicio, comparador de precios, presupuesto estimado, seguimiento de gastos, resumen&hellip;","jetpack_sharing_enabled":true,"_links":{"self":[{"href":"https:\/\/fiorellalarosa.com\/index.php?rest_route=\/wp\/v2\/product\/26059","targetHints":{"allow":["GET"]}}],"collection":[{"href":"https:\/\/fiorellalarosa.com\/index.php?rest_route=\/wp\/v2\/product"}],"about":[{"href":"https:\/\/fiorellalarosa.com\/index.php?rest_route=\/wp\/v2\/types\/product"}],"wp:featuredmedia":[{"embeddable":true,"href":"https:\/\/fiorellalarosa.com\/index.php?rest_route=\/wp\/v2\/media\/26139"}],"wp:attachment":[{"href":"https:\/\/fiorellalarosa.com\/index.php?rest_route=%2Fwp%2Fv2%2Fmedia&parent=26059"}],"wp:term":[{"taxonomy":"product_brand","embeddable":true,"href":"https:\/\/fiorellalarosa.com\/index.php?rest_route=%2Fwp%2Fv2%2Fproduct_brand&post=26059"},{"taxonomy":"product_cat","embeddable":true,"href":"https:\/\/fiorellalarosa.com\/index.php?rest_route=%2Fwp%2Fv2%2Fproduct_cat&post=26059"},{"taxonomy":"product_tag","embeddable":true,"href":"https:\/\/fiorellalarosa.com\/index.php?rest_route=%2Fwp%2Fv2%2Fproduct_tag&post=26059"}],"curies":[{"name":"wp","href":"https:\/\/api.w.org\/{rel}","templated":true}]}}